MONTHLY CLIMATOLOGICAL SUMMARY for FEB. 2018

NAME: Meteofano   CITY: Fano STATE: Italy
ELEV: 7 LAT: 43:83:00 LONG: 13:01:00

                            TEMPERATURE ( C), RAIN (mm), WIND SPEED (kn)

                                               HEAT     COOL           AVG
      MEAN                                     DEG      DEG            WIND                       DOM
DAY   TEMP    HIGH   TIME     LOW    TIME      DAYS     DAYS    RAIN   SPEED    HIGH    TIME      DIR
----------------------------------------------------------------------------------------------------------------------------------------------------------
01    12.4    14.9   16:36    09.2   00:41     05.9     00.0    00.0   05.4     30.0    12:55     SSW
02    09.6    13.3   05:03    05.7   23:59     08.7     00.0    26.2   07.1     30.0    12:23     WNW
03    04.5    05.7   00:02    03.9   13:49     13.8     00.0    24.4   11.5     37.0    14:49     WNW
04    05.8    07.8   11:34    03.4   23:59     12.5     00.0    00.5   07.6     19.0    05:52      NW
05    05.7    09.9   16:00    01.4   07:04     12.6     00.0    00.0   05.5     15.0    16:41      S 
06    06.7    09.1   15:46    03.7   05:49     11.6     00.0    01.3   04.5     20.0    23:59     WSW
07    06.4    07.9   00:01    05.1   22:46     11.9     00.0    01.8   10.9     23.0    07:17      NW
08    07.0    10.0   16:08    03.5   07:55     11.3     00.0    00.0   03.7     11.0    23:21      SW
09    07.3    10.3   10:33    04.1   23:49     11.0     00.0    00.0   04.2     11.0    01:29     SSW
10    06.1    09.1   17:12    03.1   02:43     12.2     00.0    04.8   11.9     30.0    21:53      N 
11    06.2    07.6   16:26    02.1   23:20     12.1     00.0    00.0   10.3     26.0    02:29      N 
12    04.5    08.8   14:51    01.4   04:32     13.8     00.0    02.8   08.3     28.0    21:55     WNW
13    05.4    07.7   08:04    03.7   04:14     12.9     00.0    06.9   13.5     28.0    07:17      NW
14    05.0    07.6   19:55    01.3   07:46     13.3     00.0    00.3   08.9     20.0    23:48     NNW
15    05.2    07.4   16:56    02.6   23:27     13.1     00.0    00.0   07.7     16.0    02:53      NW
16    04.9    08.7   16:21    00.6   06:30     13.4     00.0    00.0   04.8     11.0    04:37      SW
17    07.0    08.4   14:34    03.1   01:10     11.3     00.0    01.0   02.9     14.0    22:59      W 
18    06.3    08.3   19:12    04.9   07:35     12.0     00.0    19.1   11.1     27.0    19:30      N 
19    06.5    07.8   17:06    04.4   23:17     11.8     00.0    04.6   09.8     22.0    13:42      N 
20    04.0    05.1   02:02    02.8   16:53     14.3     00.0    00.8   12.0     22.0    03:37      NW
21    06.6    07.7   01:00    04.7   00:01     11.7     00.0    25.9   16.0     35.0    12:03      NE
----------------------------------------------------------------------------------------------------------------------------------------------------------
06.3 (6.1)   14.9  day 01     00.6  day 16   251.2    000.0   120.7   08.5     37.0   day 03      NW
Min <=   30: 21
Max Rain: 26.2 ON 2-02-18
Days of Rain: 14 (> .2mm) 8 (> 2mm) 3 (> 20mm)