MONTHLY CLIMATOLOGICAL SUMMARY for SEP. 2017

NAME: Meteofano   CITY: Fano STATE: Italy
ELEV: 7 LAT: 43:83:00 LONG: 13:01:00

                            TEMPERATURE ( C), RAIN (mm), WIND SPEED (kn)

                                               HEAT     COOL           AVG
      MEAN                                     DEG      DEG            WIND                       DOM
DAY   TEMP    HIGH   TIME     LOW    TIME      DAYS     DAYS    RAIN   SPEED    HIGH    TIME      DIR
----------------------------------------------------------------------------------------------------------------------------------------------------------
01    24.6    29.4   17:09    19.7   10:13     00.0     06.3    14.0   05.3     35.0    09:29      S 
02    23.5    27.6   12:42    18.4   23:59     00.0     05.2    01.5   06.9     30.0    18:52     WSW
03    17.5    21.6   19:26    14.5   10:12     00.8     00.0    30.0   08.2     31.0    08:26      W 
04    19.3    23.7   18:49    13.6   06:54     00.0     01.0    00.0   08.0     23.0    15:59      SE
05    21.4    24.3   18:20    17.7   07:07     00.0     03.1    00.0   04.2     12.0    17:08      SE
06    22.2    25.1   21:05    17.6   05:46     00.0     03.9    00.0   04.6     14.0    17:23     ESE
07    23.9    25.0   12:11    20.3   23:59     00.0     05.6    10.2   05.9     22.0    22:37     ESE
08    20.7    22.1   20:33    18.5   06:12     00.0     02.4    00.0   07.4     36.0    01:10     NNW
09    22.6    27.4   18:57    17.2   06:25     00.0     04.3    00.0   05.9     24.0    17:55      S 
10    20.7    23.8   01:12    18.2   14:46     00.0     02.4    19.6   05.4     27.0    14:13     SSE
11    19.2    21.3   14:55    17.9   04:06     00.0     00.9    48.5   09.6     25.0    16:30     WNW
12    21.1    26.9   14:58    17.3   05:10     00.0     02.8    00.3   08.7     37.0    10:09      W 
13    19.6    22.7   20:15    15.5   07:19     00.0     01.3    00.0   06.0     13.0    19:57     SSE
14    23.3    28.6   17:07    18.3   05:21     00.0     05.0    00.0   07.2     23.0    13:01     SSW
15    23.0    26.9   13:19    20.6   06:47     00.0     04.7    00.0   04.8     23.0    15:39      S 
16    20.4    23.2   03:59    17.8   06:47     00.0     02.1    15.7   04.1     28.0    04:13      W 
17    20.1    23.9   16:20    17.0   06:18     00.0     01.8    02.0   08.9     29.0    12:34     WSW
18    19.8    23.2   14:29    15.6   23:49     00.0     01.5    04.3   08.7     25.0    19:53      W 
----------------------------------------------------------------------------------------------------------------------------------------------------------
21.3 (21.2)   29.4  day 01     13.6  day 04   000.8    054.2   146.1   06.7     37.0   day 08      SW
Min <=   30: 18
Max Rain: 48.5 ON 11-09-17
Days of Rain: 10 (> .2mm) 8 (> 2mm) 2 (> 20mm)