MONTHLY CLIMATOLOGICAL SUMMARY for JUN. 2018

NAME: Meteofano   CITY: Fano STATE: Italy
ELEV: 7 LAT: 43:83:00 LONG: 13:01:00

                            TEMPERATURE ( C), RAIN (mm), WIND SPEED (kn)

                                               HEAT     COOL           AVG
      MEAN                                     DEG      DEG            WIND                       DOM
DAY   TEMP    HIGH   TIME     LOW    TIME      DAYS     DAYS    RAIN   SPEED    HIGH    TIME      DIR
----------------------------------------------------------------------------------------------------------------------------------------------------------
01    23.1    24.5   18:28    19.8   05:59     00.0     04.8    00.0   05.8     14.0    11:32     NNE
02    22.6    25.1   19:45    18.6   04:52     00.0     04.3    00.0   05.9     13.0    17:03      S 
03    23.1    25.6   18:14    19.1   05:54     00.0     04.8    00.0   05.3     12.0    10:48     SSE
04    24.0    27.4   10:19    20.8   03:56     00.0     05.7    07.1   06.5     20.0    17:22      S 
05    21.9    24.8   15:00    20.1   07:10     00.0     03.6    00.5   06.2     17.0    06:41      NW
06    22.6    25.2   17:49    18.0   05:54     00.0     04.3    00.0   05.5     17.0    19:54     SSE
07    23.2    24.7   17:00    20.3   05:53     00.0     04.9    00.3   06.8     19.0    19:24      SE
08    20.5    23.1   00:42    18.3   12:50     00.0     02.2    08.4   07.2     34.0    06:11     WNW
09    23.0    26.7   19:02    19.6   06:20     00.0     04.7    00.0   08.5     28.0    11:21      NW
10    23.7    25.8   10:46    20.2   06:06     00.0     05.4    00.0   06.8     14.0    19:29      S 
11    24.1    26.6   16:23    20.1   05:06     00.0     05.8    00.0   05.3     15.0    16:57      SE
12    25.0    28.6   18:40    22.2   05:45     00.0     06.7    00.0   07.1     20.0    21:16      S 
13    23.7    26.5   16:57    20.8   06:21     00.0     05.4    00.0   07.5     21.0    12:58      W 
14    21.3    23.3   19:12    18.7   08:33     00.0     03.0    05.1   11.3     29.0    22:42     NNE
15    21.8    23.0   23:27    21.0   04:27     00.0     03.5    00.0   12.7     29.0    01:49     ENE
16    22.7    24.5   18:26    18.7   05:48     00.0     04.4    00.0   08.1     20.0    09:26      N 
17    22.7    25.2   19:15    19.0   05:06     00.0     04.4    00.0   08.0     21.0    10:40     NNW
18    23.8    25.7   18:56    20.4   04:23     00.0     05.5    00.0   09.3     22.0    10:44     NNW
19    24.9    26.0   19:22    21.6   23:59     00.0     06.6    00.0   09.4     29.0    05:01      NE
20    23.7    25.9   18:57    19.8   04:54     00.0     05.4    00.0   05.4     14.0    09:29      N 
21    24.0    27.0   22:14    18.8   05:29     00.0     05.7    00.0   06.2     14.0    19:43     SSE
22    23.3    26.3   11:04    19.1   15:47     00.0     05.0    57.1   10.8     38.0    14:23     ESE
23    21.2    22.5   20:16    16.6   00:00     00.0     02.9    00.0   07.9     22.0    05:13     ESE
----------------------------------------------------------------------------------------------------------------------------------------------------------
23.0 (22.5)   28.6  day 12     16.6  day 24   000.0    108.7   078.5   07.5     38.0   day 22     NNE
Min <=   30: 23
Max Rain: 57.1 ON 22-06-18
Days of Rain: 6 (> .2mm) 4 (> 2mm) 1 (> 20mm)