MONTHLY CLIMATOLOGICAL SUMMARY for NOV. 2017

NAME: Meteofano   CITY: Fano STATE: Italy
ELEV: 7 LAT: 43:83:00 LONG: 13:01:00

                            TEMPERATURE ( C), RAIN (mm), WIND SPEED (kn)

                                               HEAT     COOL           AVG
      MEAN                                     DEG      DEG            WIND                       DOM
DAY   TEMP    HIGH   TIME     LOW    TIME      DAYS     DAYS    RAIN   SPEED    HIGH    TIME      DIR
----------------------------------------------------------------------------------------------------------------------------------------------------------
01    11.3    16.0   16:02    06.6   06:28     07.0     00.0    00.0   04.1     13.0    17:24     SSE
02    12.2    16.4   23:28    06.7   07:00     06.1     00.0    00.0   04.3     11.0    22:50     SSW
03    15.1    16.6   03:32    12.4   23:48     03.2     00.0    00.8   02.9     13.0    03:35      W 
04    13.9    16.9   15:46    09.5   07:02     04.4     00.0    00.3   04.5     15.0    16:17     SSE
05    14.6    17.7   14:31    11.7   06:04     03.7     00.0    02.0   07.2     28.0    13:45      SE
06    14.3    16.1   03:27    11.1   08:31     04.0     00.0    15.7   11.2     36.0    22:44      N 
07    12.2    15.2   15:07    10.3   00:42     06.1     00.0    06.6   05.4     18.0    23:57      SW
08    11.8    13.8   15:18    09.9   23:20     06.5     00.0    00.0   09.8     21.0    09:11     WNW
09    11.6    15.6   15:13    08.0   07:52     06.7     00.0    00.0   03.3     14.0    16:08      S 
10    11.8    12.9   15:11    09.9   23:59     06.5     00.0    01.5   06.6     23.0    11:33     WNW
11    10.8    13.7   15:41    07.4   07:23     07.5     00.0    00.0   02.9     11.0    05:34     WSW
12    12.9    16.6   16:47    07.9   04:15     05.4     00.0    00.0   03.1     17.0    23:23     SSE
13    09.7    16.6   03:50    06.2   07:48     08.6     00.0    20.1   14.5     45.0    19:13     NNW
14    12.5    13.2   06:49    10.9   01:11     05.8     00.0    03.0   18.9     38.0    05:06      NE
15    11.7    12.9   12:38    08.5   22:51     06.6     00.0    40.4   05.3     34.0    05:57     NNE
16    10.2    12.5   00:34    08.6   04:16     08.1     00.0    01.8   13.6     27.0    12:42     WNW
17    11.1    13.0   22:22    09.7   04:43     07.2     00.0    00.0   10.4     21.0    03:48     WNW
18    11.0    12.7   00:40    09.6   10:45     07.3     00.0    00.0   09.7     21.0    21:04     WNW
19    09.7    12.1   14:24    06.4   06:51     08.6     00.0    00.0   06.2     20.0    21:21      W 
20    09.3    13.2   12:25    04.9   07:54     09.0     00.0    00.0   03.6     15.0    00:20      S 
21    10.4    13.7   15:10    06.8   07:21     07.9     00.0    00.0   01.7     08.0    13:43      S 
----------------------------------------------------------------------------------------------------------------------------------------------------------
11.8 (11.7)   17.7  day 05     04.9  day 20   136.2    000.0   092.2   07.1     45.0   day 13      NW
Min <=   30: 21
Max Rain: 40.4 ON 15-11-17
Days of Rain: 10 (> .2mm) 6 (> 2mm) 2 (> 20mm)